ded by 11.
7
Calculate the remainder when 94 is divided by 64.
30
What is the remainder when 89 is divided by 19?
13
What is the remainder when 26727 is divided by 270?
267
What is the remainder when 259 is divided by 252?
7
What is the remainder when 400 is divided by 103?
91
What is the remainder when 2703 is divided by 1347?
9
Calculate the remainder when 77422 is divided by 163.
160
What is the remainder when 1067 is divided by 108?
95
What is the remainder when 111 is divided by 99?
12
Calculate the remainder when 287 is divided by 131.
25
Calculate the remainder when 1308 is divided by 7.
6
What is the remainder when 27 is divided by 4?
3
Calculate the remainder when 1291 is divided by 1278.
13
Calculate the remainder when 434 is divided by 147.
140
What is the remainder when 16278 is divided by 296?
294
Calculate the remainder when 80 is divided by 76.
4
What is the remainder when 3721 is divided by 17?
15
What is the remainder when 155 is divided by 52?
51
What is the remainder when 1105 is divided by 7?
6
Calculate the remainder when 758 is divided by 38.
36
What is the remainder when 204 is divided by 41?
40
Calculate the remainder when 1023 is divided by 21.
15
What is the remainder when 1836 is divided by 142?
132
Calculate the remainder when 896 is divided by 221.
12
Calculate the remainder when 593 is divided by 42.
5
Calculate the remainder when 214 is divided by 24.
22
What is the remainder when 64 is divided by 22?
20
What is the remainder when 201 is divided by 47?
13
What is the remainder when 123 is divided by 29?
7
What is the remainder when 195 is divided by 83?
29
What is the remainder when 498 is divided by 177?
144
Calculate the remainder when 517 is divided by 105.
97
What is the remainder when 1241 is divided by 43?
37
What is the remainder when 626 is divided by 11?
10
What is the remainder when 2219 is divided by 24?
11
Calculate the remainder when 1945 is divided by 59.
57
What is the remainder when 346 is divided by 207?
139
Calculate the remainder when 3566 is divided by 76.
70
Calculate the remainder when 23273 is divided by 194.
187
Calculate the remainder when 225 is divided by 68.
21
Calculate the remainder when 63 is divided by 42.
21
What is the remainder when 49 is divided by 19?
11
Calculate the remainder when 4806 is divided by 209.
208
What is the remainder when 2588 is divided by 107?
20
Calculate the remainder when 9837 is divided by 16.
13
Calculate the remainder when 314 is divided by 114.
86
Calculate the remainder when 38 is divided by 16.
6
What is the remainder when 737 is divided by 25?
12
Calculate the remainder when 545 is divided by 39.
38
What is the remainder when 71 is divided by 45?
26
Calculate the remainder when 67 is divided by 29.
9
Calculate the remainder when 377 is divided by 22.
3
Calculate the remainder when 143 is divided by 136.
7
What is the remainder when 361 is divided by 27?
10
Calculate the remainder when 207 is divided by 127.
80
What is the remainder when 8613 is divided by 139?
134
What is the remainder when 115 is divided by 17?
13
What is the remainder when 483 is divided by 155?
18
Calculate the remainder when 18048 is divided by 38.
36
What is the remainder when 171 is divided by 43?
42
Calculate the remainder when 74 is divided by 13.
9
Calculate the remainder when 13 is divided by 7.
6
Calculate the remainder when 2089 is divided by 82.
39
What is the remainder when 1128 is divided by 1124?
4
What is the remainder when 262 is divided by 111?
40
Calculate the remainder when 491 is divided by 127.
110
What is the remainder when 2471 is divided by 225?
221
What is the remainder when 57 is divided by 15?
12
Calculate the remainder when 53 is divided by 32.
21
Calculate the remainder when 781 is divided by 49.
46
What is the remainder when 1714 is divided by 6?
4
What is the remainder when 1311 is divided by 166?
149
What is the remainder when 289 is divided by 43?
31
Calculate the remainder when 295 is divided by 102.
91
Calculate the remainder when 271 is divided by 104.
63
Calculate the remainder when 159 is divided by 18.
15
Calculate the remainder when 1365 is divided by 113.
9
Calculate the remainder when 1424 is divided by 24.
8
Calculate the remainder when 149 is divided by 15.
14
What is the remainder when 193 is divided by 120?
73
Calculate the remainder when 10713 is divided by 16.
9
What is the remainder when 315 is divided by 20?
15
What is the remainder when 647 is divided by 13?
10
What is the remainder when 550 is divided by 3?
1
What is the remainder when 435 is divided by 85?
10
Calculate the remainder when 691 is divided by 179.
154
Calculate the remainder when 509 is divided by 129.
122
Calculate the remainder when 40090 is divided by 39.
37
Calculate the remainder when 2180 is divided by 541.
16
Calculate the remainder when 7 is divided by 2.
1
Calculate the remainder when 23 is divided by 12.
11
Calculate the remainder when 11028 is divided by 197.
193
Calculate the remainder when 92 is divided by 7.
1
Calculate the remainder when 960 is divided by 22.
14
Calculate the remainder when 11495 is divided by 371.
365
Calculate the remainder when 40847 is divided by 48.
47
Calculate the remainder when 340 is divided by 115.
110
What is the remainder when 2516 is divided by 2506?
10
What is the remainder when 383 is divided by 7?
5
What is the remainder when 276 is divided by 10?
6
What is the remainder when 486 is divided by 21?
3
What is the remainder when 202 is divided by 70?
62
What is the remainder when 171 is divided by 98?
73
Calculate the remainder when 523 is divided by 5.
3
Calculate the remainder when 33134 is divided by 263.
259
What is the remainder when 1700 is divided by 14?
6
What is the remainder when 237 is divided by 22?
17
What is the remainder when 63 is divided by 40?
23
Calculate the remainder when 157 is divided by 79.
78
Calculate the remainder when 266 is divided by 64.
10
What is the remainder when 1337 is divided by 17?
11
What is the remainder when 867 is divided by 15?
12
Calculate the remainder when 29 is divided by 11.
7
What is the remainder when 78 is divided by 22?
12
Calculate the remainder when 336 is divided by 17.
13
Calculate the remainder when 74 is divided by 21.
11
Calculate the remainder when 663 is divided by 19.
17
Calculate the remainder when 1899 is divided by 76.
75
Calculate the remainder when 158 is divided by 4.
2
What is the remainder when 26 is divided by 6?
2
Calculate the remainder when 234 is divided by 8.
2
Calculate the remainder when 1076 is divided by 226.
172
Calculate the remainder when 617 is divided by 48.
41
What is the remainder when 215 is divided by 15?
5
Calculate the remainder when 249 is divided by 14.
11
Calculate the remainder when 90 is divided by 13.
12
Calculate the remainder when 28 is divided by 5.
3
Calculate the remainder when 840 is divided by 289.
262
Calculate the remainder when 144 is divided by 38.
30
What is the remainder when 323 is divided by 122?
79
Calculate the remainder when 908 is divided by 14.
12
Calculate the remainder when 7863 is divided by 9.
6
Calculate the remainder when 65 is divided by 9.
2
Calculate the remainder when 414 is divided by 136.
6
Calculate the remainder when 1494 is divided by 156.
90
Calculate the remainder when 781 is divided by 14.
11
What is the remainder when 55 is divided by 28?
27
What is the remainder when 61 is divided by 31?
30
What is the remainder when 54 is divided by 21?
12
Calculate the remainder when 487 is divided by 82.
77
What is the remainder when 68 is divided by 25?
18
Calculate the remainder when 960 is divided by 42.
36
What is the remainder when 72 is divided by 12?
0
What is the remainder when 429 is divided by 16?
13
What is the remainder when 231 is divided by 212?
19
What is the remainder when 341 is divided by 85?
1
What is the remainder when 1456 is divided by 49?
35
What is the remainder when 356 is divided by 182?
174
What is the remainder when 206 is divided by 22?
8
What is the remainder when 234 is divided by 104?
26
What is the remainder when 171 is divided by 44?
39
Calculate the remainder when 84 is divided by 37.
10
Calculate the remainder when 2349 is divided by 7.
4
What is the remainder w